73 (base 11) to base 5
-310
Convert -45 (base 6) to base 2.
-11101
Convert 1002 (base 6) to base 16.
da
21 (base 14) to base 15
1e
What is -33 (base 9) in base 11?
-28
Convert -102 (base 4) to base 6.
-30
Convert -17 (base 16) to base 3.
-212
12 (base 9) to base 11
10
Convert -24 (base 13) to base 2.
-11110
Convert 61 (base 9) to base 11.
50
Convert 1 (base 13) to base 8.
1
Convert -3 (base 4) to base 9.
-3
257 (base 9) to base 5
1324
What is -215 (base 7) in base 4?
-1232
Convert 56 (base 8) to base 16.
2e
Convert -11001110 (base 2) to base 11.
-178
What is -23 (base 4) in base 10?
-11
-12 (base 13) to base 2
-1111
What is 1a (base 13) in base 6?
35
What is 33 (base 14) in base 3?
1200
Convert -316 (base 9) to base 2.
-100000010
2 (base 8) to base 3
2
Convert -1 (base 13) to base 4.
-1
What is -d (base 14) in base 12?
-11
3 (base 12) to base 13
3
10 (base 9) to base 7
12
Convert 13 (base 11) to base 8.
16
What is -400 (base 6) in base 15?
-99
b (base 12) to base 11
10
What is 1231 (base 4) in base 5?
414
What is 2 (base 14) in base 12?
2
Convert 10 (base 3) to base 10.
3
Convert -112 (base 3) to base 6.
-22
What is 1 (base 13) in base 2?
1
What is -2 (base 14) in base 4?
-2
Convert -10 (base 9) to base 3.
-100
Convert 10 (base 2) to base 15.
2
What is 1c (base 14) in base 8?
32
Convert 1121 (base 4) to base 2.
1011001
242 (base 6) to base 4
1202
83 (base 15) to base 14
8b
-4 (base 5) to base 10
-4
-201 (base 3) to base 7
-25
Convert -11 (base 6) to base 4.
-13
Convert -42 (base 8) to base 4.
-202
1021 (base 4) to base 16
49
-284 (base 10) to base 3
-101112
What is -18 (base 12) in base 16?
-14
0 (base 2) to base 5
0
What is -156 (base 9) in base 6?
-340
What is 0 (base 13) in base 14?
0
69 (base 14) to base 16
5d
What is 7 (base 9) in base 11?
7
12 (base 6) to base 11
8
What is -a4 (base 12) in base 10?
-124
What is 112 (base 3) in base 16?
e
Convert -101011 (base 2) to base 15.
-2d
What is 2 (base 13) in base 5?
2
What is 3 (base 4) in base 8?
3
What is -7 (base 12) in base 10?
-7
What is -4 (base 16) in base 5?
-4
Convert 3 (base 7) to base 9.
3
-11 (base 6) to base 9
-7
What is -7 (base 14) in base 6?
-11
What is a (base 14) in base 7?
13
Convert -1001 (base 4) to base 14.
-49
-2 (base 9) to base 10
-2
What is -3 (base 9) in base 5?
-3
What is -57 (base 9) in base 6?
-124
What is -2 (base 6) in base 10?
-2
Convert -21001 (base 3) to base 11.
-163
What is 43 (base 7) in base 12?
27
Convert -14 (base 12) to base 9.
-17
Convert 35 (base 16) to base 7.
104
20 (base 12) to base 4
120
What is 10 (base 6) in base 8?
6
2 (base 15) to base 3
2
28 (base 14) to base 5
121
What is 2 (base 6) in base 14?
2
Convert -10 (base 2) to base 8.
-2
What is 2 (base 3) in base 12?
2
Convert 53 (base 7) to base 4.
212
Convert -46 (base 8) to base 5.
-123
Convert -1 (base 14) to base 12.
-1
79 (base 14) to base 6
255
What is 1200 (base 3) in base 7?
63
Convert -24 (base 11) to base 13.
-20
What is -b0 (base 14) in base 10?
-154
-12 (base 4) to base 2
-110
What is a3 (base 12) in base 16?
7b
Convert -b (base 13) to base 2.
-1011
What is -154 (base 7) in base 4?
-1120
366 (base 8) to base 15
116
What is 3 (base 9) in base 13?
3
Convert -3 (base 8) to base 6.
-3
-50 (base 8) to base 15
-2a
0 (base 12) to base 3
0
Convert -11 (base 6) to base 7.
-10
14 (base 8) to base 3
110
What is 2 (base 10) in base 8?
2
-1011 (base 5) to base 9
-155
Convert 3 (base 4) to base 16.
3
Convert -5 (base 15) to base 16.
-5
1302 (base 4) to base 2
1110010
3 (base 9) to base 15
3
What is -33 (base 13) in base 9?
-46
Convert 2 (base 15) to base 6.
2
Convert -110 (base 4) to base 14.
-16
Convert 20 (base 12) to base 10.
24
3 (base 15) to base 10
3
-19 (base 12) to base 4
-111
Convert 13 (base 10) to base 5.
23
Convert -132 (base 5) to base 3.
-1120
10211 (base 3) to base 14
75
What is 221 (base 5) in base 7?
115
Convert -1043 (base 7) to base 9.
-455
Convert 12 (base 3) to base 16.
5
Convert -5 (base 7) to base 5.
-10
120 (base 3) to base 6
23
Convert 1 (base 2) to base 5.
1
What is 22 (base 4) in base 6?
14
Convert -7 (base 15) to base 4.
-13
What is -2 (base 7) in base 6?
-2
-200 (base 3) to base 15
-13
Convert 0 (base 13) to base 8.
0
What is -3 (base 7) in base 3?
-10
What is 140 (base 5) in base 4?
231
Convert 20012 (base 3) to base 14.
bd
Convert -e (base 15) to base 6.
-22
What is 222 (base 4) in base 14?
30
d4 (base 14) to base 10
186
-22 (base 4) to base 8
-12
-12 (base 8) to base 3
-101
What is 1 (base 3) in base 5?
1
What is -11 (base 9) in base 11?
-a
What is -1422 (base 5) in base 12?
-179
What is 54 (base 14) in base 16?
4a
-44 (base 14) to base 16
-3c
What is -18 (base 10) in base 9?
-20
What is -4 (base 6) in base 5?
-4
Convert -d (base 14) to base 4.
-31
What is 5 (base 7) in base 14?
5
304 (base 6) to base 7
220
-5 (base 6) to base 3
-12
What is 1110 (base 2) in base 5?
24
What is -100 (base 3) in base 4?
-21
What is 233 (base 8) in base 2?
10011011
-14b (base 12) to base 10
-203
Convert 213 (base 4) to base 3.
1110
69 (base 12) to base 16
51
Convert 2 (base 8) to base 4.
2
4 (base 13) to base 4
10
What is 60 (base 12) in base 5?
242
What is -8 (base 15) in base 7?
-11
Convert 131 (base 8) to base 3.
10022
What is -4 (base 9) in base 15?
-4
-420 (base 5) to base 13
-86
What is 2200 (base 3) in base 7?
132
What is 2 (base 8) in base 12?
2
What is 5 (base 7) in base 2?
101
What is 10 (base 4) in base 13?
4
1aa (base 11) to base 6
1041
Convert -58 (base 15) to base 9.
-102
Convert 114 (base 5) to base 6.
54
What is 7 (base 15) in base 2?
111
Convert 0 (base 5) to base 4.
0
Convert -4 (base 13) to base 11.
-4
-34 (base 12) to base 13
-31
What is -17 (base 8) in base 15?
-10
20 (base 5) to base 9
11
Convert -152 (base 12) to base 2.
-11001110
Convert 6 (base 16) to base 12.
6
5 (base 16) to base 5
10
-243 (base 5) to base 13
-58
1 (base 9) to base 12
1
2 (base 15) to base 2
10
What is -64 (base 15) in base 7?
-163
Convert 12 (base 11) to base 12.
11
-3 (base 5) to base 2
-11
Convert -1 (base 7) to base 11.
-1
10 (base 4) to base 16
4
What is -2 (base 4) in base 6?
-2
Convert 2 (base 11) to base 14.
2
-1215 (base 6) to base 16
-12b
What is 136 (base 10) in base 11?
114
-1220 (base 3) to base 6
-123
What is 20 (base 8) in base 15?
11
Convert 8 (base 12) to base 6.
12
Convert 11100 (base 3) to base 2.
1110101
Convert 10 (base 4) to base 16.
4
What is -13 (base 7) in base 15?
-a
11 (base 2) to base 4
3
Convert 31 (base 7) to base 4.
112
Convert -100101 (base 2) to base 13.
-2b
Convert 0 (base 13) to base 3.
0
What is 4 (base 16) in base 5?
4
Convert 8 (base 10) to base 12.
8
What is 6c (base 13) in base 9?
110
-115 (base 9) to base 16
-5f
2 (base 10) to base 4
2
Convert 9 (base 14) to base 16.
9
What is -59 (base 13) in base 11?
-68
Convert 0 (base 13) to base 2.
0
What is 1 (base 10) in base 9?
1
Convert -9 (base 12) to base 15.
-9
What is -5 (base 12) in base 4?
-11
9 (base 11) to base 16
9
What is -2 (base 4) in base 12?
-2
What is 30 (base 6) in base 12?
16
Convert -11 (base 16) to base 9.
-18
What is -e (base 15) in base 2?
-1110
What is -3 (base 11) in base 4?
-3
Convert -1 (base 16) to base 12.
-1
What is 76 (base 8) in base 10?
62
What is -4 (base 6) in base 5?
-4
What is 154 (base 6) in base 14?
50
Convert -3 (base 13) to base 12.
-3
-2 (base 7) to base 10
-2
-12 (base 5) to base 16
-7
ca (base 13) to base 8
246
Convert 1 (base 16) to base 8.
1
What is -6 (base 12) in base 16?
-6
Convert -27 (base 16) to base 15.
-29
What is -4 (base 9) in base 7?
-4
What is -6 (base 9) in base 14?
-6
Convert 164 (base 7) to base 10.
95
Convert -3 (base 16) to base 5.
-3
What is -7 (base 11) in base 16?
-7
Convert -110001 (base 2) to base 6.
-121
Convert 1 (base 4) to base 7.
1
11210 (base 3) to base 7
243
23 (base 8) to base 15
14
-110010 (base 2) to base 14
-38
What is -10 (base 3) in base 15?
-3
Convert 2 (base 11) to base 3.
2
17b (base 14) to base 8
461
-1 (base 5) to base 9
-1
-22002 (base 3) to base 12
-162
What is 110 (base 2) in base 11?
6
Convert 2 (base 15) to base 14.
2
243 (base 12) to base 6
1323
Convert 17 (base 10) to base 4.
101
Convert -74 (base 8) to base 10.
-60
Convert -48 (base 11) to base 4.
-310
What is 1 (base 3) in base 11?
1
Convert -57 (base 9) to base 7.
-